{"id":91,"date":"2025-08-13T10:33:41","date_gmt":"2025-08-13T10:33:41","guid":{"rendered":"https:\/\/ki-non.de\/?page_id=91"},"modified":"2025-08-19T14:27:39","modified_gmt":"2025-08-19T14:27:39","slug":"ihk-lueneburg-wolfsburg","status":"publish","type":"page","link":"https:\/\/ki-non.de\/index.php\/ihk-lueneburg-wolfsburg\/","title":{"rendered":"IHK L\u00fcneburg Wolfsburg"},"content":{"rendered":"<p>[et_pb_section fb_built=&#8220;1&#8243; _builder_version=&#8220;4.27.4&#8243; _module_preset=&#8220;default&#8220; custom_padding=&#8220;50px||4px|||&#8220; global_colors_info=&#8220;{}&#8220;][et_pb_row _builder_version=&#8220;4.27.4&#8243; _module_preset=&#8220;default&#8220; custom_margin=&#8220;-19px|auto||auto||&#8220; global_colors_info=&#8220;{}&#8220; column_structure=&#8220;2_3,1_3&#8243;][et_pb_column type=&#8220;2_3&#8243; _builder_version=&#8220;4.27.4&#8243; _module_preset=&#8220;default&#8220; global_colors_info=&#8220;{}&#8220;][et_pb_image src=&#8220;https:\/\/ki-non.de\/wp-content\/uploads\/2025\/08\/IHKLW_LOGO_RGB.png&#8220; title_text=&#8220;IHKLW_LOGO_RGB&#8220; _builder_version=&#8220;4.27.4&#8243; _module_preset=&#8220;default&#8220; width=&#8220;32%&#8220; hover_enabled=&#8220;0&#8243; global_colors_info=&#8220;{}&#8220; sticky_enabled=&#8220;0&#8243;][\/et_pb_image][et_pb_text _builder_version=&#8220;4.27.4&#8243; _module_preset=&#8220;default&#8220; header_font=&#8220;|||on|||||&#8220; header_text_color=&#8220;#2e3671&#8243; header_line_height=&#8220;1.1em&#8220; global_colors_info=&#8220;{}&#8220;]<\/p>\n<h1><strong>Industrie- und Handelskammer<br \/>L\u00fcneburg-Wolfsburg<\/strong><\/h1>\n<p>[\/et_pb_text][\/et_pb_column][et_pb_column type=&#8220;1_3&#8243; _builder_version=&#8220;4.27.4&#8243; _module_preset=&#8220;default&#8220; global_colors_info=&#8220;{}&#8220;][\/et_pb_column][\/et_pb_row][et_pb_row column_structure=&#8220;3_5,2_5&#8243; _builder_version=&#8220;4.27.4&#8243; _module_preset=&#8220;default&#8220; custom_margin=&#8220;-17px|auto||auto||&#8220; global_colors_info=&#8220;{}&#8220;][et_pb_column type=&#8220;3_5&#8243; _builder_version=&#8220;4.27.4&#8243; _module_preset=&#8220;default&#8220; global_colors_info=&#8220;{}&#8220;][et_pb_text _builder_version=&#8220;4.27.4&#8243; _module_preset=&#8220;default&#8220; text_font=&#8220;Roboto|300|||||||&#8220; text_line_height=&#8220;1.71em&#8220; global_colors_info=&#8220;{}&#8220;]<\/p>\n<p><strong>\u00dcber uns <\/strong><\/p>\n<p>Die IHK L\u00fcneburg-Wolfsburg (IHKLW) vertritt die Interessen von 70.000 gewerblichen Unternehmen aus den Landkreisen Harburg, L\u00fcneburg, L\u00fcchow-Dannenberg, Uelzen, Heidekreis, Celle und Gifhorn sowie der Stadt Wolfsburg gegen\u00fcber Politik und Verwaltung. Gemeinsam mit Kooperationspartnerinnen und -partnern ber\u00e4t die IHKLW u. a. in den Themenbereichen K\u00fcnstliche Intelligenz und Digitalisierung in unterschiedlichen Formaten \u2013 von der Infoveranstaltung bis zum Workshop.<\/p>\n<p>[\/et_pb_text][\/et_pb_column][et_pb_column type=&#8220;2_5&#8243; _builder_version=&#8220;4.27.4&#8243; _module_preset=&#8220;default&#8220; global_colors_info=&#8220;{}&#8220;][et_pb_text _builder_version=&#8220;4.27.4&#8243; _module_preset=&#8220;default&#8220; text_font=&#8220;|300|||||||&#8220; text_text_color=&#8220;#FFFFFF&#8220; text_font_size=&#8220;14px&#8220; text_line_height=&#8220;1.6em&#8220; link_font=&#8220;Roboto|300|||||||&#8220; link_text_color=&#8220;#FFFFFF&#8220; background_color=&#8220;#2e3671&#8243; background_layout=&#8220;dark&#8220; custom_margin=&#8220;-202px||28px|||&#8220; custom_margin_tablet=&#8220;0px||28px||false|false&#8220; custom_margin_phone=&#8220;-14px||||false|false&#8220; custom_margin_last_edited=&#8220;on|phone&#8220; custom_padding=&#8220;265px|10px|13px|16px|false|false&#8220; custom_padding_tablet=&#8220;20px|10px|37px|16px|false|false&#8220; custom_padding_phone=&#8220;43px||||false|false&#8220; custom_padding_last_edited=&#8220;on|desktop&#8220; global_colors_info=&#8220;{}&#8220;]<\/p>\n<p><strong>ANSPRECHPARTNERIN<\/strong><br \/>Natalie Schwarz<br \/>Beraterin | Digitale Transformation<\/p>\n<p>Volgershall 1, 21339 L\u00fcneburg<br \/>Tel.: 04131 742-108<br \/>E -Mail: <a href=\"mailto:natalie.schwarz@ihklw.de\">natalie.schwarz@ihklw.de<\/a><br \/><a href=\"http:\/\/www.ihk.de\/ihklw\">www.ihk.de\/ihklw<\/a><\/p>\n<p>[\/et_pb_text][\/et_pb_column][\/et_pb_row][\/et_pb_section][et_pb_section fb_built=&#8220;1&#8243; _builder_version=&#8220;4.27.4&#8243; _module_preset=&#8220;default&#8220; background_color=&#8220;#2e3671&#8243; background_image=&#8220;https:\/\/ki-non.de\/wp-content\/uploads\/2025\/08\/header-kinon-02-scaled.jpg&#8220; custom_padding=&#8220;4px||40px|||&#8220; global_colors_info=&#8220;{}&#8220;][et_pb_row _builder_version=&#8220;4.27.4&#8243; _module_preset=&#8220;default&#8220; custom_margin=&#8220;45px|auto||auto||&#8220; global_colors_info=&#8220;{}&#8220;][et_pb_column type=&#8220;4_4&#8243; _builder_version=&#8220;4.27.4&#8243; _module_preset=&#8220;default&#8220; global_colors_info=&#8220;{}&#8220;][et_pb_text _builder_version=&#8220;4.27.4&#8243; _module_preset=&#8220;default&#8220; header_2_font=&#8220;||||||||&#8220; header_2_text_color=&#8220;#FFFFFF&#8220; global_colors_info=&#8220;{}&#8220;]<\/p>\n<h2><span>Zukunft gestalten &#8211; Innovation vernetzt denken.<br \/><\/span><\/h2>\n<h2><span>Werde Teil der\u00a0<\/span><b>KI.NON<\/b><span> &#8211; <\/span><b>Community of Practice<\/b><\/h2>\n<p>[\/et_pb_text][et_pb_button button_url=&#8220;@ET-DC@eyJkeW5hbWljIjp0cnVlLCJjb250ZW50IjoicG9zdF9saW5rX3VybF9wYWdlIiwic2V0dGluZ3MiOnsicG9zdF9pZCI6IjMyNiJ9fQ==@&#8220; button_text=&#8220;Jetzt registrieren&#8220; _builder_version=&#8220;4.27.4&#8243; _dynamic_attributes=&#8220;button_url&#8220; _module_preset=&#8220;default&#8220; background_layout=&#8220;dark&#8220; global_colors_info=&#8220;{}&#8220;][\/et_pb_button][\/et_pb_column][\/et_pb_row][\/et_pb_section]<\/p>\n","protected":false},"excerpt":{"rendered":"<p>Industrie- und HandelskammerL\u00fcneburg-Wolfsburg\u00dcber uns Die IHK L\u00fcneburg-Wolfsburg (IHKLW) vertritt die Interessen von 70.000 gewerblichen Unternehmen aus den Landkreisen Harburg, L\u00fcneburg, L\u00fcchow-Dannenberg, Uelzen, Heidekreis, Celle und Gifhorn sowie der Stadt Wolfsburg gegen\u00fcber Politik und Verwaltung. Gemeinsam mit Kooperationspartnerinnen und -partnern ber\u00e4t die IHKLW u. a. in den Themenbereichen K\u00fcnstliche Intelligenz und Digitalisierung in unterschiedlichen Formaten \u2013 [&hellip;]<\/p>\n","protected":false},"author":1,"featured_media":0,"parent":0,"menu_order":0,"comment_status":"closed","ping_status":"closed","template":"","meta":{"_et_pb_use_builder":"on","_et_pb_old_content":"","_et_gb_content_width":"","footnotes":""},"class_list":["post-91","page","type-page","status-publish","hentry"],"_links":{"self":[{"href":"https:\/\/ki-non.de\/index.php\/wp-json\/wp\/v2\/pages\/91","targetHints":{"allow":["GET"]}}],"collection":[{"href":"https:\/\/ki-non.de\/index.php\/wp-json\/wp\/v2\/pages"}],"about":[{"href":"https:\/\/ki-non.de\/index.php\/wp-json\/wp\/v2\/types\/page"}],"author":[{"embeddable":true,"href":"https:\/\/ki-non.de\/index.php\/wp-json\/wp\/v2\/users\/1"}],"replies":[{"embeddable":true,"href":"https:\/\/ki-non.de\/index.php\/wp-json\/wp\/v2\/comments?post=91"}],"version-history":[{"count":26,"href":"https:\/\/ki-non.de\/index.php\/wp-json\/wp\/v2\/pages\/91\/revisions"}],"predecessor-version":[{"id":412,"href":"https:\/\/ki-non.de\/index.php\/wp-json\/wp\/v2\/pages\/91\/revisions\/412"}],"wp:attachment":[{"href":"https:\/\/ki-non.de\/index.php\/wp-json\/wp\/v2\/media?parent=91"}],"curies":[{"name":"wp","href":"https:\/\/api.w.org\/{rel}","templated":true}]}}

IHK Lüneburg Wolfsburg

<p>[et_pb_section fb_built=&#8220;1&#8243; _builder_version=&#8220;4.27.4&#8243; _module_preset=&#8220;default&#8220; custom_padding=&#8220;50px||4px|||&#8220; global_colors_info=&#8220;{}&#8220;][et_pb_row _builder_version=&#8220;4.27.4&#8243; _module_preset=&#8220;default&#8220; custom_margin=&#8220;-19px|auto||auto||&#8220; global_colors_info=&#8220;{}&#8220; column_structure=&#8220;2_3,1_3&#8243;][et_pb_column type=&#8220;2_3&#8243; _builder_version=&#8220;4.27.4&#8243; _module_preset=&#8220;default&#8220; global_colors_info=&#8220;{}&#8220;][et_pb_image src=&#8220;https://ki-non.de/wp-content/uploads/2025/08/IHKLW_LOGO_RGB.png&#8220; title_text=&#8220;IHKLW_LOGO_RGB&#8220; _builder_version=&#8220;4.27.4&#8243; _module_preset=&#8220;default&#8220; width=&#8220;32%&#8220; hover_enabled=&#8220;0&#8243; global_colors_info=&#8220;{}&#8220; sticky_enabled=&#8220;0&#8243;][/et_pb_image][et_pb_text _builder_version=&#8220;4.27.4&#8243; _module_preset=&#8220;default&#8220; header_font=&#8220;|||on|||||&#8220; header_text_color=&#8220;#2e3671&#8243; header_line_height=&#8220;1.1em&#8220; global_colors_info=&#8220;{}&#8220;]</p>
<h1><strong>Industrie- und Handelskammer<br />Lüneburg-Wolfsburg</strong></h1>
<p>[/et_pb_text][/et_pb_column][et_pb_column type=&#8220;1_3&#8243; _builder_version=&#8220;4.27.4&#8243; _module_preset=&#8220;default&#8220; global_colors_info=&#8220;{}&#8220;][/et_pb_column][/et_pb_row][et_pb_row column_structure=&#8220;3_5,2_5&#8243; _builder_version=&#8220;4.27.4&#8243; _module_preset=&#8220;default&#8220; custom_margin=&#8220;-17px|auto||auto||&#8220; global_colors_info=&#8220;{}&#8220;][et_pb_column type=&#8220;3_5&#8243; _builder_version=&#8220;4.27.4&#8243; _module_preset=&#8220;default&#8220; global_colors_info=&#8220;{}&#8220;][et_pb_text _builder_version=&#8220;4.27.4&#8243; _module_preset=&#8220;default&#8220; text_font=&#8220;Roboto|300|||||||&#8220; text_line_height=&#8220;1.71em&#8220; global_colors_info=&#8220;{}&#8220;]</p>
<p><strong>Über uns </strong></p>
<p>Die IHK Lüneburg-Wolfsburg (IHKLW) vertritt die Interessen von 70.000 gewerblichen Unternehmen aus den Landkreisen Harburg, Lüneburg, Lüchow-Dannenberg, Uelzen, Heidekreis, Celle und Gifhorn sowie der Stadt Wolfsburg gegenüber Politik und Verwaltung. Gemeinsam mit Kooperationspartnerinnen und -partnern berät die IHKLW u. a. in den Themenbereichen Künstliche Intelligenz und Digitalisierung in unterschiedlichen Formaten – von der Infoveranstaltung bis zum Workshop.</p>
<p>[/et_pb_text][/et_pb_column][et_pb_column type=&#8220;2_5&#8243; _builder_version=&#8220;4.27.4&#8243; _module_preset=&#8220;default&#8220; global_colors_info=&#8220;{}&#8220;][et_pb_text _builder_version=&#8220;4.27.4&#8243; _module_preset=&#8220;default&#8220; text_font=&#8220;|300|||||||&#8220; text_text_color=&#8220;#FFFFFF&#8220; text_font_size=&#8220;14px&#8220; text_line_height=&#8220;1.6em&#8220; link_font=&#8220;Roboto|300|||||||&#8220; link_text_color=&#8220;#FFFFFF&#8220; background_color=&#8220;#2e3671&#8243; background_layout=&#8220;dark&#8220; custom_margin=&#8220;-202px||28px|||&#8220; custom_margin_tablet=&#8220;0px||28px||false|false&#8220; custom_margin_phone=&#8220;-14px||||false|false&#8220; custom_margin_last_edited=&#8220;on|phone&#8220; custom_padding=&#8220;265px|10px|13px|16px|false|false&#8220; custom_padding_tablet=&#8220;20px|10px|37px|16px|false|false&#8220; custom_padding_phone=&#8220;43px||||false|false&#8220; custom_padding_last_edited=&#8220;on|desktop&#8220; global_colors_info=&#8220;{}&#8220;]</p>
<p><strong>ANSPRECHPARTNERIN</strong><br />Natalie Schwarz<br />Beraterin | Digitale Transformation</p>
<p>Volgershall 1, 21339 Lüneburg<br />Tel.: 04131 742-108<br />E -Mail: <a href="mailto:natalie.schwarz@ihklw.de">natalie.schwarz@ihklw.de</a><br /><a href="http://www.ihk.de/ihklw">www.ihk.de/ihklw</a></p>
<p>[/et_pb_text][/et_pb_column][/et_pb_row][/et_pb_section][et_pb_section fb_built=&#8220;1&#8243; _builder_version=&#8220;4.27.4&#8243; _module_preset=&#8220;default&#8220; background_color=&#8220;#2e3671&#8243; background_image=&#8220;https://ki-non.de/wp-content/uploads/2025/08/header-kinon-02-scaled.jpg&#8220; custom_padding=&#8220;4px||40px|||&#8220; global_colors_info=&#8220;{}&#8220;][et_pb_row _builder_version=&#8220;4.27.4&#8243; _module_preset=&#8220;default&#8220; custom_margin=&#8220;45px|auto||auto||&#8220; global_colors_info=&#8220;{}&#8220;][et_pb_column type=&#8220;4_4&#8243; _builder_version=&#8220;4.27.4&#8243; _module_preset=&#8220;default&#8220; global_colors_info=&#8220;{}&#8220;][et_pb_text _builder_version=&#8220;4.27.4&#8243; _module_preset=&#8220;default&#8220; header_2_font=&#8220;||||||||&#8220; header_2_text_color=&#8220;#FFFFFF&#8220; global_colors_info=&#8220;{}&#8220;]</p>
<h2><span>Zukunft gestalten &#8211; Innovation vernetzt denken.<br /></span></h2>
<h2><span>Werde Teil der </span><b>KI.NON</b><span> &#8211; </span><b>Community of Practice</b></h2>
<p>[/et_pb_text][et_pb_button button_url=&#8220;@ET-DC@eyJkeW5hbWljIjp0cnVlLCJjb250ZW50IjoicG9zdF9saW5rX3VybF9wYWdlIiwic2V0dGluZ3MiOnsicG9zdF9pZCI6IjMyNiJ9fQ==@&#8220; button_text=&#8220;Jetzt registrieren&#8220; _builder_version=&#8220;4.27.4&#8243; _dynamic_attributes=&#8220;button_url&#8220; _module_preset=&#8220;default&#8220; background_layout=&#8220;dark&#8220; global_colors_info=&#8220;{}&#8220;][/et_pb_button][/et_pb_column][/et_pb_row][/et_pb_section]</p>

<p>Industrie- und HandelskammerLüneburg-WolfsburgÜber uns Die IHK Lüneburg-Wolfsburg (IHKLW) vertritt die Interessen von 70.000 gewerblichen Unternehmen aus den Landkreisen Harburg, Lüneburg, Lüchow-Dannenberg, Uelzen, Heidekreis, Celle und Gifhorn sowie der Stadt Wolfsburg gegenüber Politik und Verwaltung. Gemeinsam mit Kooperationspartnerinnen und -partnern berät die IHKLW u. a. in den Themenbereichen Künstliche Intelligenz und Digitalisierung in unterschiedlichen Formaten – [&hellip;]</p>
