{"id":695,"date":"2026-04-28T07:09:42","date_gmt":"2026-04-28T07:09:42","guid":{"rendered":"https:\/\/ki-non.de\/?page_id=695"},"modified":"2026-04-28T10:01:00","modified_gmt":"2026-04-28T10:01:00","slug":"daisec-2","status":"publish","type":"page","link":"https:\/\/ki-non.de\/index.php\/daisec-2\/","title":{"rendered":"Daisec"},"content":{"rendered":"<p>[et_pb_section fb_built=&#8220;1&#8243; _builder_version=&#8220;4.27.4&#8243; _module_preset=&#8220;default&#8220; global_colors_info=&#8220;{}&#8220;][et_pb_row column_structure=&#8220;2_3,1_3&#8243; _builder_version=&#8220;4.27.4&#8243; _module_preset=&#8220;default&#8220; global_colors_info=&#8220;{}&#8220;][et_pb_column type=&#8220;2_3&#8243; _builder_version=&#8220;4.27.4&#8243; _module_preset=&#8220;default&#8220; global_colors_info=&#8220;{}&#8220;][et_pb_image src=&#8220;https:\/\/ki-non.de\/wp-content\/uploads\/2026\/04\/Daisec.png&#8220; title_text=&#8220;Daisec&#8220; _builder_version=&#8220;4.27.4&#8243; _module_preset=&#8220;default&#8220; width=&#8220;36%&#8220; global_colors_info=&#8220;{}&#8220;][\/et_pb_image][et_pb_text _builder_version=&#8220;4.27.4&#8243; _module_preset=&#8220;default&#8220; header_font=&#8220;|||on|||||&#8220; header_text_color=&#8220;#2E3671&#8243; global_colors_info=&#8220;{}&#8220;]<\/p>\n<h1><strong>Daisec European Digital Innovation Hub for AI and Cybersecurity<\/strong><\/h1>\n<p>[\/et_pb_text][\/et_pb_column][et_pb_column type=&#8220;1_3&#8243; _builder_version=&#8220;4.27.4&#8243; _module_preset=&#8220;default&#8220; global_colors_info=&#8220;{}&#8220;][\/et_pb_column][\/et_pb_row][et_pb_row column_structure=&#8220;2_3,1_3&#8243; _builder_version=&#8220;4.27.4&#8243; _module_preset=&#8220;default&#8220; global_colors_info=&#8220;{}&#8220;][et_pb_column type=&#8220;2_3&#8243; _builder_version=&#8220;4.27.4&#8243; _module_preset=&#8220;default&#8220; global_colors_info=&#8220;{}&#8220;][et_pb_text _builder_version=&#8220;4.27.4&#8243; _module_preset=&#8220;default&#8220; text_font=&#8220;Roboto|300|||||||&#8220; text_line_height=&#8220;1.71em&#8220; global_colors_info=&#8220;{}&#8220;]<\/p>\n<p><strong>\u00dcber uns <\/strong><\/p>\n<p><span>Der DAISEC \u2013 European Digital Innovation Hub f\u00fcr KI und Cybersicherheit unterst\u00fctzt kleine und mittlere Unternehmen sowie \u00f6ffentliche Einrichtungen bei der Einf\u00fchrung von KI- und Cybersicherheitsl\u00f6sungen. Mit Schulungen, Reifegradanalysen und Technik-Checks begleitet er Digitalisierungsprojekte passgenau von der Orientierung bis zur Umsetzung. Neben technischen Themen bietet er zudem Informationen und Schulungen zu KI-Recht und dem EU AI Act und fungiert als Anlaufstelle und Bindeglied zum EU AI Office, um Unternehmen beim sicheren, verantwortungsvollen und rechtskonformen KI-Einsatz zu unterst\u00fctzen. Seine Angebote sind aufgrund der Ko-Finanzierung der EU f\u00fcr KMU und \u00f6ffentliche Organisationen kostenlos.<\/span><\/p>\n<p>[\/et_pb_text][\/et_pb_column][et_pb_column type=&#8220;1_3&#8243; _builder_version=&#8220;4.27.4&#8243; _module_preset=&#8220;default&#8220; global_colors_info=&#8220;{}&#8220;][et_pb_text _builder_version=&#8220;4.27.4&#8243; _module_preset=&#8220;default&#8220; text_font=&#8220;|300|||||||&#8220; text_text_color=&#8220;#FFFFFF&#8220; text_font_size=&#8220;14px&#8220; text_line_height=&#8220;1.6em&#8220; link_font=&#8220;Roboto||||||||&#8220; link_text_color=&#8220;#FFFFFF&#8220; background_color=&#8220;#2E3671&#8243; background_layout=&#8220;dark&#8220; min_height=&#8220;312.6px&#8220; custom_margin=&#8220;-181px|||||&#8220; custom_margin_tablet=&#8220;0px||||false|false&#8220; custom_margin_phone=&#8220;0px||||false|false&#8220; custom_margin_last_edited=&#8220;on|phone&#8220; custom_padding=&#8220;307px|10px|21px|16px|false|false&#8220; custom_padding_tablet=&#8220;62px|10px|21px|16px|false|false&#8220; custom_padding_phone=&#8220;37px|10px|21px|16px|false|false&#8220; custom_padding_last_edited=&#8220;on|phone&#8220; global_colors_info=&#8220;{}&#8220;]<\/p>\n<p><strong>ANSPRECHPARTNER<br \/><\/strong>Dr. Daniel Kudenko<br \/><span style=\"font-size: 14px;\">DAISEC Gesch\u00e4ftsf\u00fchrer<\/p>\n<p><\/span><span>Appelstr. 4, 30167 Hannover<\/span><br \/>Tel.:<span> 0511 762-17775<br \/><\/span>E-Mail: <span>kudenko@daisec.de<\/span><br \/><span>www.daisec.de<\/span><\/p>\n<p>[\/et_pb_text][\/et_pb_column][\/et_pb_row][\/et_pb_section]<\/p>\n","protected":false},"excerpt":{"rendered":"<p>Daisec European Digital Innovation Hub for AI and Cybersecurity\u00dcber uns Der DAISEC \u2013 European Digital Innovation Hub f\u00fcr KI und Cybersicherheit unterst\u00fctzt kleine und mittlere Unternehmen sowie \u00f6ffentliche Einrichtungen bei der Einf\u00fchrung von KI- und Cybersicherheitsl\u00f6sungen. Mit Schulungen, Reifegradanalysen und Technik-Checks begleitet er Digitalisierungsprojekte passgenau von der Orientierung bis zur Umsetzung. Neben technischen Themen bietet [&hellip;]<\/p>\n","protected":false},"author":1,"featured_media":0,"parent":0,"menu_order":0,"comment_status":"closed","ping_status":"closed","template":"","meta":{"_et_pb_use_builder":"on","_et_pb_old_content":"","_et_gb_content_width":"","footnotes":""},"class_list":["post-695","page","type-page","status-publish","hentry"],"_links":{"self":[{"href":"https:\/\/ki-non.de\/index.php\/wp-json\/wp\/v2\/pages\/695","targetHints":{"allow":["GET"]}}],"collection":[{"href":"https:\/\/ki-non.de\/index.php\/wp-json\/wp\/v2\/pages"}],"about":[{"href":"https:\/\/ki-non.de\/index.php\/wp-json\/wp\/v2\/types\/page"}],"author":[{"embeddable":true,"href":"https:\/\/ki-non.de\/index.php\/wp-json\/wp\/v2\/users\/1"}],"replies":[{"embeddable":true,"href":"https:\/\/ki-non.de\/index.php\/wp-json\/wp\/v2\/comments?post=695"}],"version-history":[{"count":5,"href":"https:\/\/ki-non.de\/index.php\/wp-json\/wp\/v2\/pages\/695\/revisions"}],"predecessor-version":[{"id":709,"href":"https:\/\/ki-non.de\/index.php\/wp-json\/wp\/v2\/pages\/695\/revisions\/709"}],"wp:attachment":[{"href":"https:\/\/ki-non.de\/index.php\/wp-json\/wp\/v2\/media?parent=695"}],"curies":[{"name":"wp","href":"https:\/\/api.w.org\/{rel}","templated":true}]}}