{"id":249,"date":"2025-08-14T10:44:17","date_gmt":"2025-08-14T10:44:17","guid":{"rendered":"https:\/\/ki-non.de\/?page_id=249"},"modified":"2025-08-19T14:21:13","modified_gmt":"2025-08-19T14:21:13","slug":"wirtschaftsfoerderungs-gmbh-fuer-stadt-und-landkreis-lueneburg","status":"publish","type":"page","link":"https:\/\/ki-non.de\/index.php\/wirtschaftsfoerderungs-gmbh-fuer-stadt-und-landkreis-lueneburg\/","title":{"rendered":"Wirtschaftsf\u00f6rderungs-GmbH f\u00fcr Stadt und Landkreis L\u00fcneburg"},"content":{"rendered":"<p>[et_pb_section fb_built=&#8220;1&#8243; _builder_version=&#8220;4.27.4&#8243; _module_preset=&#8220;default&#8220; global_colors_info=&#8220;{}&#8220;][et_pb_row _builder_version=&#8220;4.27.4&#8243; _module_preset=&#8220;default&#8220; global_colors_info=&#8220;{}&#8220; column_structure=&#8220;3_5,2_5&#8243;][et_pb_column type=&#8220;3_5&#8243; _builder_version=&#8220;4.27.4&#8243; _module_preset=&#8220;default&#8220; global_colors_info=&#8220;{}&#8220;][et_pb_image src=&#8220;https:\/\/ki-non.de\/wp-content\/uploads\/2025\/08\/wlg_logo300dpi-scaled-1.jpg&#8220; title_text=&#8220;wlg_logo300dpi-scaled&#8220; _builder_version=&#8220;4.27.4&#8243; _module_preset=&#8220;default&#8220; width=&#8220;35%&#8220; hover_enabled=&#8220;0&#8243; global_colors_info=&#8220;{}&#8220; module_alignment=&#8220;left&#8220; sticky_enabled=&#8220;0&#8243;][\/et_pb_image][et_pb_text _builder_version=&#8220;4.27.4&#8243; _module_preset=&#8220;default&#8220; header_font=&#8220;|||on|||||&#8220; header_text_color=&#8220;#2E3671&#8243; global_colors_info=&#8220;{}&#8220;]<\/p>\n<h1><strong>wirtschaftsf\u00f6rderungs-gmbh f\u00fcr stadt und landkreis l\u00fcneburg<\/strong><\/h1>\n<p>[\/et_pb_text][\/et_pb_column][et_pb_column type=&#8220;2_5&#8243; _builder_version=&#8220;4.27.4&#8243; _module_preset=&#8220;default&#8220; global_colors_info=&#8220;{}&#8220;][\/et_pb_column][\/et_pb_row][et_pb_row column_structure=&#8220;2_3,1_3&#8243; _builder_version=&#8220;4.27.4&#8243; _module_preset=&#8220;default&#8220; global_colors_info=&#8220;{}&#8220;][et_pb_column type=&#8220;2_3&#8243; _builder_version=&#8220;4.27.4&#8243; _module_preset=&#8220;default&#8220; global_colors_info=&#8220;{}&#8220;][et_pb_text _builder_version=&#8220;4.27.4&#8243; _module_preset=&#8220;default&#8220; text_font=&#8220;Roboto|300|||||||&#8220; text_line_height=&#8220;1.71em&#8220; global_colors_info=&#8220;{}&#8220;]<\/p>\n<p><strong>\u00dcber uns <\/strong><\/p>\n<p>Die WLG unterst\u00fctzt Unternehmen in der Planung und Finanzierung innovativer Ideen bis zur Umsetzung der Projekte. F\u00f6rderprogramme und Netzwerke helfen dabei. Mit dem Angebot Innovation+ erhalten Unternehmen im Landkreis L\u00fcneburg Zugang zu Knowhow f\u00fcr die nachhaltige und digitale Transformation sowie f\u00fcr Forschung und Entwicklung.<\/p>\n<p>[\/et_pb_text][\/et_pb_column][et_pb_column type=&#8220;1_3&#8243; _builder_version=&#8220;4.27.4&#8243; _module_preset=&#8220;default&#8220; global_colors_info=&#8220;{}&#8220;][et_pb_text _builder_version=&#8220;4.27.4&#8243; _module_preset=&#8220;default&#8220; text_font=&#8220;|300|||||||&#8220; text_text_color=&#8220;#FFFFFF&#8220; text_font_size=&#8220;14px&#8220; link_text_color=&#8220;#FFFFFF&#8220; background_color=&#8220;#2E3671&#8243; background_layout=&#8220;dark&#8220; min_height=&#8220;323.6px&#8220; custom_margin=&#8220;-247px|||||&#8220; custom_margin_tablet=&#8220;0px||||false|false&#8220; custom_margin_phone=&#8220;0px||||false|false&#8220; custom_margin_last_edited=&#8220;on|phone&#8220; custom_padding=&#8220;220px|10px|21px|16px|false|false&#8220; custom_padding_tablet=&#8220;40px|10px|0px|16px|false|false&#8220; custom_padding_phone=&#8220;78px||||false|false&#8220; custom_padding_last_edited=&#8220;on|phone&#8220; hover_enabled=&#8220;0&#8243; global_colors_info=&#8220;{}&#8220; text_line_height=&#8220;1.6em&#8220; sticky_enabled=&#8220;0&#8243;]<\/p>\n<p><strong>ANSPRECHPARTNER<br \/><\/strong>Christian Scherrer<br \/>Innovation &amp; Nachhaltigkeit<\/p>\n<p>Stadtkoppel 12, 21337 L\u00fcneburg<br \/>Tel.: 04131 20282-23<br \/>E-Mail: <a href=\"mailto:scherrer@wirtschaft.lueneburg.de\">scherrer@wirtschaft.lueneburg.de<\/a><br \/><a href=\"https:\/\/www.wirtschaft-lueneburg.de\/\">www.wirtschaft-lueneburg.de<\/a><\/p>\n<p>[\/et_pb_text][\/et_pb_column][\/et_pb_row][\/et_pb_section][et_pb_section fb_built=&#8220;1&#8243; _builder_version=&#8220;4.27.4&#8243; _module_preset=&#8220;default&#8220; background_color=&#8220;#2E3671&#8243; background_image=&#8220;https:\/\/ki-non.de\/wp-content\/uploads\/2025\/08\/header-kinon-02-scaled.jpg&#8220; custom_padding=&#8220;7px||40px|||&#8220; global_colors_info=&#8220;{}&#8220;][et_pb_row _builder_version=&#8220;4.27.4&#8243; _module_preset=&#8220;default&#8220; global_colors_info=&#8220;{}&#8220;][et_pb_column type=&#8220;4_4&#8243; _builder_version=&#8220;4.27.4&#8243; _module_preset=&#8220;default&#8220; global_colors_info=&#8220;{}&#8220;][et_pb_text _builder_version=&#8220;4.27.4&#8243; _module_preset=&#8220;default&#8220; header_2_font=&#8220;||||||||&#8220; header_2_text_color=&#8220;#FFFFFF&#8220; header_2_line_height=&#8220;1.2em&#8220; custom_padding=&#8220;0px|||||&#8220; global_colors_info=&#8220;{}&#8220;]<\/p>\n<h2><span>Zukunft gestalten &#8211; Innovation vernetzt denken.<br \/>Werde Teil der\u00a0<\/span><b>KI.NON<\/b><span> &#8211; <\/span><b>Community of Practice<\/b><\/h2>\n<p>[\/et_pb_text][et_pb_button button_url=&#8220;@ET-DC@eyJkeW5hbWljIjp0cnVlLCJjb250ZW50IjoicG9zdF9saW5rX3VybF9wYWdlIiwic2V0dGluZ3MiOnsicG9zdF9pZCI6IjMyNiJ9fQ==@&#8220; button_text=&#8220;Jetzt registrieren&#8220; _builder_version=&#8220;4.27.4&#8243; _dynamic_attributes=&#8220;button_url&#8220; _module_preset=&#8220;default&#8220; background_layout=&#8220;dark&#8220; global_colors_info=&#8220;{}&#8220;][\/et_pb_button][\/et_pb_column][\/et_pb_row][\/et_pb_section]<\/p>\n","protected":false},"excerpt":{"rendered":"<p>wirtschaftsf\u00f6rderungs-gmbh f\u00fcr stadt und landkreis l\u00fcneburg\u00dcber uns Die WLG unterst\u00fctzt Unternehmen in der Planung und Finanzierung innovativer Ideen bis zur Umsetzung der Projekte. F\u00f6rderprogramme und Netzwerke helfen dabei. Mit dem Angebot Innovation+ erhalten Unternehmen im Landkreis L\u00fcneburg Zugang zu Knowhow f\u00fcr die nachhaltige und digitale Transformation sowie f\u00fcr Forschung und Entwicklung.ANSPRECHPARTNERChristian ScherrerInnovation &amp; Nachhaltigkeit Stadtkoppel [&hellip;]<\/p>\n","protected":false},"author":1,"featured_media":0,"parent":0,"menu_order":0,"comment_status":"closed","ping_status":"closed","template":"","meta":{"_et_pb_use_builder":"on","_et_pb_old_content":"","_et_gb_content_width":"","footnotes":""},"class_list":["post-249","page","type-page","status-publish","hentry"],"_links":{"self":[{"href":"https:\/\/ki-non.de\/index.php\/wp-json\/wp\/v2\/pages\/249","targetHints":{"allow":["GET"]}}],"collection":[{"href":"https:\/\/ki-non.de\/index.php\/wp-json\/wp\/v2\/pages"}],"about":[{"href":"https:\/\/ki-non.de\/index.php\/wp-json\/wp\/v2\/types\/page"}],"author":[{"embeddable":true,"href":"https:\/\/ki-non.de\/index.php\/wp-json\/wp\/v2\/users\/1"}],"replies":[{"embeddable":true,"href":"https:\/\/ki-non.de\/index.php\/wp-json\/wp\/v2\/comments?post=249"}],"version-history":[{"count":12,"href":"https:\/\/ki-non.de\/index.php\/wp-json\/wp\/v2\/pages\/249\/revisions"}],"predecessor-version":[{"id":404,"href":"https:\/\/ki-non.de\/index.php\/wp-json\/wp\/v2\/pages\/249\/revisions\/404"}],"wp:attachment":[{"href":"https:\/\/ki-non.de\/index.php\/wp-json\/wp\/v2\/media?parent=249"}],"curies":[{"name":"wp","href":"https:\/\/api.w.org\/{rel}","templated":true}]}}

Wirtschaftsförderungs-GmbH für Stadt und Landkreis Lüneburg

<p>[et_pb_section fb_built=&#8220;1&#8243; _builder_version=&#8220;4.27.4&#8243; _module_preset=&#8220;default&#8220; global_colors_info=&#8220;{}&#8220;][et_pb_row _builder_version=&#8220;4.27.4&#8243; _module_preset=&#8220;default&#8220; global_colors_info=&#8220;{}&#8220; column_structure=&#8220;3_5,2_5&#8243;][et_pb_column type=&#8220;3_5&#8243; _builder_version=&#8220;4.27.4&#8243; _module_preset=&#8220;default&#8220; global_colors_info=&#8220;{}&#8220;][et_pb_image src=&#8220;https://ki-non.de/wp-content/uploads/2025/08/wlg_logo300dpi-scaled-1.jpg&#8220; title_text=&#8220;wlg_logo300dpi-scaled&#8220; _builder_version=&#8220;4.27.4&#8243; _module_preset=&#8220;default&#8220; width=&#8220;35%&#8220; hover_enabled=&#8220;0&#8243; global_colors_info=&#8220;{}&#8220; module_alignment=&#8220;left&#8220; sticky_enabled=&#8220;0&#8243;][/et_pb_image][et_pb_text _builder_version=&#8220;4.27.4&#8243; _module_preset=&#8220;default&#8220; header_font=&#8220;|||on|||||&#8220; header_text_color=&#8220;#2E3671&#8243; global_colors_info=&#8220;{}&#8220;]</p>
<h1><strong>wirtschaftsförderungs-gmbh für stadt und landkreis lüneburg</strong></h1>
<p>[/et_pb_text][/et_pb_column][et_pb_column type=&#8220;2_5&#8243; _builder_version=&#8220;4.27.4&#8243; _module_preset=&#8220;default&#8220; global_colors_info=&#8220;{}&#8220;][/et_pb_column][/et_pb_row][et_pb_row column_structure=&#8220;2_3,1_3&#8243; _builder_version=&#8220;4.27.4&#8243; _module_preset=&#8220;default&#8220; global_colors_info=&#8220;{}&#8220;][et_pb_column type=&#8220;2_3&#8243; _builder_version=&#8220;4.27.4&#8243; _module_preset=&#8220;default&#8220; global_colors_info=&#8220;{}&#8220;][et_pb_text _builder_version=&#8220;4.27.4&#8243; _module_preset=&#8220;default&#8220; text_font=&#8220;Roboto|300|||||||&#8220; text_line_height=&#8220;1.71em&#8220; global_colors_info=&#8220;{}&#8220;]</p>
<p><strong>Über uns </strong></p>
<p>Die WLG unterstützt Unternehmen in der Planung und Finanzierung innovativer Ideen bis zur Umsetzung der Projekte. Förderprogramme und Netzwerke helfen dabei. Mit dem Angebot Innovation+ erhalten Unternehmen im Landkreis Lüneburg Zugang zu Knowhow für die nachhaltige und digitale Transformation sowie für Forschung und Entwicklung.</p>
<p>[/et_pb_text][/et_pb_column][et_pb_column type=&#8220;1_3&#8243; _builder_version=&#8220;4.27.4&#8243; _module_preset=&#8220;default&#8220; global_colors_info=&#8220;{}&#8220;][et_pb_text _builder_version=&#8220;4.27.4&#8243; _module_preset=&#8220;default&#8220; text_font=&#8220;|300|||||||&#8220; text_text_color=&#8220;#FFFFFF&#8220; text_font_size=&#8220;14px&#8220; link_text_color=&#8220;#FFFFFF&#8220; background_color=&#8220;#2E3671&#8243; background_layout=&#8220;dark&#8220; min_height=&#8220;323.6px&#8220; custom_margin=&#8220;-247px|||||&#8220; custom_margin_tablet=&#8220;0px||||false|false&#8220; custom_margin_phone=&#8220;0px||||false|false&#8220; custom_margin_last_edited=&#8220;on|phone&#8220; custom_padding=&#8220;220px|10px|21px|16px|false|false&#8220; custom_padding_tablet=&#8220;40px|10px|0px|16px|false|false&#8220; custom_padding_phone=&#8220;78px||||false|false&#8220; custom_padding_last_edited=&#8220;on|phone&#8220; hover_enabled=&#8220;0&#8243; global_colors_info=&#8220;{}&#8220; text_line_height=&#8220;1.6em&#8220; sticky_enabled=&#8220;0&#8243;]</p>
<p><strong>ANSPRECHPARTNER<br /></strong>Christian Scherrer<br />Innovation &amp; Nachhaltigkeit</p>
<p>Stadtkoppel 12, 21337 Lüneburg<br />Tel.: 04131 20282-23<br />E-Mail: <a href="mailto:scherrer@wirtschaft.lueneburg.de">scherrer@wirtschaft.lueneburg.de</a><br /><a href="https://www.wirtschaft-lueneburg.de/">www.wirtschaft-lueneburg.de</a></p>
<p>[/et_pb_text][/et_pb_column][/et_pb_row][/et_pb_section][et_pb_section fb_built=&#8220;1&#8243; _builder_version=&#8220;4.27.4&#8243; _module_preset=&#8220;default&#8220; background_color=&#8220;#2E3671&#8243; background_image=&#8220;https://ki-non.de/wp-content/uploads/2025/08/header-kinon-02-scaled.jpg&#8220; custom_padding=&#8220;7px||40px|||&#8220; global_colors_info=&#8220;{}&#8220;][et_pb_row _builder_version=&#8220;4.27.4&#8243; _module_preset=&#8220;default&#8220; global_colors_info=&#8220;{}&#8220;][et_pb_column type=&#8220;4_4&#8243; _builder_version=&#8220;4.27.4&#8243; _module_preset=&#8220;default&#8220; global_colors_info=&#8220;{}&#8220;][et_pb_text _builder_version=&#8220;4.27.4&#8243; _module_preset=&#8220;default&#8220; header_2_font=&#8220;||||||||&#8220; header_2_text_color=&#8220;#FFFFFF&#8220; header_2_line_height=&#8220;1.2em&#8220; custom_padding=&#8220;0px|||||&#8220; global_colors_info=&#8220;{}&#8220;]</p>
<h2><span>Zukunft gestalten &#8211; Innovation vernetzt denken.<br />Werde Teil der </span><b>KI.NON</b><span> &#8211; </span><b>Community of Practice</b></h2>
<p>[/et_pb_text][et_pb_button button_url=&#8220;@ET-DC@eyJkeW5hbWljIjp0cnVlLCJjb250ZW50IjoicG9zdF9saW5rX3VybF9wYWdlIiwic2V0dGluZ3MiOnsicG9zdF9pZCI6IjMyNiJ9fQ==@&#8220; button_text=&#8220;Jetzt registrieren&#8220; _builder_version=&#8220;4.27.4&#8243; _dynamic_attributes=&#8220;button_url&#8220; _module_preset=&#8220;default&#8220; background_layout=&#8220;dark&#8220; global_colors_info=&#8220;{}&#8220;][/et_pb_button][/et_pb_column][/et_pb_row][/et_pb_section]</p>

<p>wirtschaftsförderungs-gmbh für stadt und landkreis lüneburgÜber uns Die WLG unterstützt Unternehmen in der Planung und Finanzierung innovativer Ideen bis zur Umsetzung der Projekte. Förderprogramme und Netzwerke helfen dabei. Mit dem Angebot Innovation+ erhalten Unternehmen im Landkreis Lüneburg Zugang zu Knowhow für die nachhaltige und digitale Transformation sowie für Forschung und Entwicklung.ANSPRECHPARTNERChristian ScherrerInnovation &amp; Nachhaltigkeit Stadtkoppel [&hellip;]</p>
